?
655
What is the remainder when 491466 is divided by 1974?
1914
What is the remainder when 21124114 is divided by 918439?
17
Calculate the remainder when 4358540 is divided by 4358424.
116
Calculate the remainder when 150197057 is divided by 177.
167
Calculate the remainder when 21258683 is divided by 2666.
2665
What is the remainder when 9111657 is divided by 126?
93
What is the remainder when 160426 is divided by 19927?
1010
Calculate the remainder when 25892 is divided by 6425.
192
Calculate the remainder when 2982922 is divided by 32423.
6
Calculate the remainder when 10572362 is divided by 161.
136
Calculate the remainder when 1829476 is divided by 4.
0
Calculate the remainder when 393308 is divided by 2300.
8
Calculate the remainder when 6476358 is divided by 718.
716
What is the remainder when 130802 is divided by 727?
669
What is the remainder when 85512 is divided by 2347?
1020
What is the remainder when 5247 is divided by 165?
132
Calculate the remainder when 3380046 is divided by 60.
6
What is the remainder when 6112853 is divided by 3056313?
227
What is the remainder when 270854 is divided by 42?
38
What is the remainder when 6735441 is divided by 71650?
341
Calculate the remainder when 239346 is divided by 474.
450
Calculate the remainder when 42370 is divided by 349.
141
What is the remainder when 11253615 is divided by 3219?
3210
Calculate the remainder when 176570812 is divided by 88285401.
10
What is the remainder when 87182 is divided by 4820?
422
Calculate the remainder when 3282995 is divided by 8849.
16
Calculate the remainder when 100392 is divided by 19983.
477
What is the remainder when 19230176 is divided by 2370?
2366
What is the remainder when 888786 is divided by 16159?
41
Calculate the remainder when 19627 is divided by 208.
75
What is the remainder when 169474813 is divided by 22004?
5
Calculate the remainder when 47933 is divided by 11595.
1553
What is the remainder when 140903458 is divided by 1379?
1375
Calculate the remainder when 1728477 is divided by 192050.
27
Calculate the remainder when 1412310 is divided by 470659.
333
What is the remainder when 54233 is divided by 80?
73
What is the remainder when 874781 is divided by 900?
881
What is the remainder when 55537 is divided by 1679?
130
Calculate the remainder when 183143 is divided by 1430.
103
What is the remainder when 48763 is divided by 833?
449
Calculate the remainder when 814398 is divided by 433.
358
What is the remainder when 37698 is divided by 232?
114
Calculate the remainder when 1593357967 is divided by 1109.
1108
Calculate the remainder when 34714284 is divided by 39.
33
Calculate the remainder when 2101970 is divided by 6652.
6590
What is the remainder when 3953269 is divided by 263550?
19
Calculate the remainder when 864815 is divided by 3056.
3023
What is the remainder when 8590449 is divided by 201?
111
What is the remainder when 675018 is divided by 51?
33
What is the remainder when 784091 is divided by 55922?
1183
What is the remainder when 74229116 is divided by 3156?
3152
What is the remainder when 2797764 is divided by 4498?
8
What is the remainder when 28312375 is divided by 17?
14
What is the remainder when 163608766 is divided by 108?
106
Calculate the remainder when 5005075 is divided by 3050.
25
Calculate the remainder when 3024392 is divided by 115.
7
Calculate the remainder when 1987909 is divided by 194.
185
Calculate the remainder when 518858 is divided by 1232.
186
Calculate the remainder when 3943505 is divided by 1419.
104
Calculate the remainder when 179174 is divided by 2167.
1480
What is the remainder when 1131911 is divided by 206?
147
What is the remainder when 67628764 is divided by 131?
14
Calculate the remainder when 371133 is divided by 7136.
61
Calculate the remainder when 78085 is divided by 631.
472
Calculate the remainder when 60322 is divided by 7215.
2602
What is the remainder when 2768 is divided by 85?
48
Calculate the remainder when 88810 is divided by 7386.
178
What is the remainder when 80972973 is divided by 92?
1
Calculate the remainder when 12716886 is divided by 299.
117
What is the remainder when 18784817 is divided by 47?
45
What is the remainder when 5833950 is divided by 116679?
0
Calculate the remainder when 87831 is divided by 144.
135
Calculate the remainder when 94856676 is divided by 322.
306
What is the remainder when 674036 is divided by 71?
33
Calculate the remainder when 8602690 is divided by 10.
0
What is the remainder when 1091186 is divided by 3520?
3506
Calculate the remainder when 1901010 is divided by 67893.
6
Calculate the remainder when 1252693293 is divided by 313.
311
Calculate the remainder when 10722599 is divided by 466198.
45
Calculate the remainder when 215431 is divided by 144.
7
What is the remainder when 618716 is divided by 401?
374
Calculate the remainder when 3071886 is divided by 3471.
51
What is the remainder when 1988461 is divided by 56813?
6
What is the remainder when 25417601 is divided by 21?
20
Calculate the remainder when 399349 is divided by 45.
19
What is the remainder when 3940341 is divided by 1065?
906
Calculate the remainder when 148263854 is divided by 148263840.
14
What is the remainder when 101741 is divided by 4838?
143
What is the remainder when 224543871 is divided by 896?
895
Calculate the remainder when 1021645 is divided by 3134.
3095
Calculate the remainder when 41032678 is divided by 120.
118
Calculate the remainder when 16520373 is divided by 568.
93
Calculate the remainder when 140312866 is divided by 165.
1
Calculate the remainder when 478792 is divided by 89.
61
Calculate the remainder when 34811 is divided by 8509.
775
What is the remainder when 1059785 is divided by 3452?
21
Calculate the remainder when 85093 is divided by 3516.
709
What is the remainder when 8836077 is divided by 1472646?
201
What is the remainder when 9482 is divided by 8149?
1333
Calculate the remainder when 8592137 is divided by 528.
521
What is the remainder when 135502 is divided by 340?
182
Calculate the remainder when 1192918 is divided by 53.
47
What is the remainder when 6814742 is divided by 619522?
0
Calculate the remainder when 599827 is divided by 49962.
283
Calculate the remainder when 11688834 is divided by 2922179.
118
Calculate the remainder when 72544187 is divided by 72544179.
8
What is the remainder when 22390990 is divided by 936?
934
What is the remainder when 193335 is divided by 487?
483
Calculate the remainder when 94742 is divided by 6789.
6485
Calculate the remainder when 290233473 is divided by 15630.
3
Calculate the remainder when 8721631 is divided by 2853.
10
What is the remainder when 35711350 is divided by 57?
52
What is the remainder when 5844775 is divided by 1739?
1735
What is the remainder when 2045277 is divided by 2417?
495
Calculate the remainder when 821593 is divided by 2804.
21
What is the remainder when 62488 is divided by 67?
44
Calculate the remainder when 230373 is divided by 22.
11
What is the remainder when 483249 is divided by 2039?
6
Calculate the remainder when 785666 is divided by 70.
56
What is the remainder when 58741197 is divided by 1998?
1995
Calculate the remainder when 3950865 is divided by 46479.
150
Calculate the remainder when 1045038 is divided by 1218.
1212
What is the remainder when 530561 is divided by 10392?
569
Calculate the remainder when 49074101 is divided by 33.
32
Calculate the remainder when 12663765 is divided by 734.
63
Calculate the remainder when 114003 is divided by 14121.
1035
What is the remainder when 204256 is divided by 71?
60
What is the remainder when 3595013 is divided by 67?
61
What is the remainder when 2975669 is divided by 1030?
1029
What is the remainder when 1271907 is divided by 938?
917
What is the remainder when 50719 is divided by 984?
535
What is the remainder when 1712632 is divided by 570848?
88
What is the remainder when 5695966 is divided by 813709?
3
Calculate the remainder when 356317171 is divided by 178158582.
7
What is the remainder when 129534 is divided by 610?
214
Calculate the remainder when 820654 is divided by 14.
2
Calculate the remainder when 140349502 is divided by 21.
13
Calculate the remainder when 3105823 is divided by 2139.
2134
What is the r